{"id":5604,"date":"2020-06-10T10:27:38","date_gmt":"2020-06-10T10:27:38","guid":{"rendered":"https:\/\/fredericmistral-tecniceulalia.cat\/avis-legal\/"},"modified":"2024-04-19T12:57:13","modified_gmt":"2024-04-19T11:57:13","slug":"aviso-legal","status":"publish","type":"page","link":"https:\/\/test.institutpsicologia.cat\/es\/aviso-legal\/","title":{"rendered":"Aviso legal"},"content":{"rendered":"\n<div class=\"wp-block-group\"><div class=\"wp-block-group__inner-container is-layout-constrained wp-block-group-is-layout-constrained\">\n<h3 class=\"wp-block-heading has-accent-color has-text-color\"><strong>1. Aviso legal y aceptaci\u00f3n<\/strong><\/h3>\n\n\n\n<p>Este Aviso Legal regula el uso del portal de Internet www.institutpsicologia.cat (en adelante, \u201cPortal\u201d) que la Fundaci\u00f3n Instituto de Psicolog\u00eda (en adelante \u00abTitular\u00bb) pone a disposici\u00f3n de los usuarios de Internet .<\/p>\n\n\n\n<p>La utilizaci\u00f3n del Portal atribuye la condici\u00f3n de usuario del Portal (en adelante \u201cUsuario\u201d) e implica la aceptaci\u00f3n plena y sin reservas de todas y cada una de las disposiciones incluidas en este Aviso Legal.<\/p>\n\n\n\n<p>El Titular se reserva el derecho de modificar unilateralmente, en cualquier momento y sin previo aviso, la presentaci\u00f3n, configuraci\u00f3n y condiciones requeridas para la utilizaci\u00f3n del Portal y los Servicios.<\/p>\n\n\n\n<h3 class=\"wp-block-heading has-accent-color has-text-color\"><strong>2. Informaci\u00f3n general<\/strong><\/h3>\n\n\n\n<p>El Titular de esta web es la Fundaci\u00f3n Instituto de Psicolog\u00eda, con domicilio social en Barcelona, av. Rep\u00fablica Argentina, 182, bajos; inscrita en el Registro de Fundaciones con el n\u00famero 2425 y provista de C.I.F G-64471998.<\/p>\n\n\n\n<h3 class=\"wp-block-heading has-accent-color has-text-color\"><strong>3. Condiciones de acceso y utilizaci\u00f3n del portal<\/strong><\/h3>\n\n\n\n<p><strong>3.1. Obligaci\u00f3n de hacer un uso correcto del Portal y de los Servicios<\/strong><\/p>\n\n\n\n<p>El Usuario se compromete a utilizar el Portal y los Servicios de conformidad con la ley, el presente Aviso Legal, y otros avisos, reglamentos de uso e instrucciones puestos en su conocimiento, as\u00ed como con la moral y buenas costumbres generalmente aceptadas y el orden p\u00fablico.<\/p>\n\n\n\n<p>A tal efecto, el Usuario se obliga a abstenerse de utilizar cualquiera de los Servicios con fines o efectos il\u00edcitos, prohibidos en el presente Aviso Legal, lesivos de los derechos e intereses de terceros.<\/p>\n\n\n\n<p>Todos los derechos de propiedad industrial e intelectual de la web, as\u00ed como de los elementos que contiene (que incluyen, entre otros, im\u00e1genes y textos) pertenecen al Titular.<\/p>\n\n\n\n<p><strong>3.2. Responsabilidad por da\u00f1os y perjuicios<\/strong><\/p>\n\n\n\n<p>El Usuario responder\u00e1 de los da\u00f1os y perjuicios de toda naturaleza que el Titular pueda sufrir, directa o indirectamente, como consecuencia del incumplimiento de cualquiera de las obligaciones derivadas del Aviso Legal o de la ley, en relaci\u00f3n con la utilizaci\u00f3n del Portal y, en particular, se compromete a abstenerse de:<\/p>\n\n\n\n<p>(a) reproducir, copiar, distribuir, poner a disposici\u00f3n o comunicar p\u00fablicamente, transformar o modificar los Contenidos, salvo que se cuente con la autorizaci\u00f3n del Titular de los correspondientes derechos o resulte legalmente permitido.<\/p>\n\n\n\n<p>(b) suprimir, manipular o alterar de cualquier forma el \u00abcopyright\u00bb y otros datos identificativos de la reserva de derechos del Titular.<\/p>\n\n\n\n<p><strong>3.3. Introducci\u00f3n de hiperenlaces que permitan el acceso a las p\u00e1ginas del Portal ya los Servicios<\/strong><\/p>\n\n\n\n<p>Los Usuarios y, en general, aquellas personas que se propongan establecer un hiperenlace entre su p\u00e1gina web y el Portal deber\u00e1n cumplir las siguientes condiciones:<\/p>\n\n\n\n<p>(a) no se realizar\u00e1n manifestaciones o indicaciones falsas, inexactas o incorrectas sobre el Titular, sus empleados, las p\u00e1ginas web del Portal y los Servicios suministrados;<\/p>\n\n\n\n<p>(b) no se declarar\u00e1 ni se dar\u00e1 a entender que el Titular ha autorizado el hiperenlace o que ha supervisado o asumido los servicios puestos a disposici\u00f3n de la p\u00e1gina web en la que se establece el hiperenlace;<\/p>\n\n\n\n<p>(c) la p\u00e1gina web en la que se establezca el hiperenlace no contendr\u00e1 informaciones o contenidos il\u00edcitos, contrarios a la moral ya las buenas costumbres generalmente aceptadas y al orden p\u00fablico, as\u00ed como tampoco contendr\u00e1 contenidos contrarios a los derechos de terceros.<\/p>\n\n\n\n<p>El establecimiento del hiperenlace no implica en ning\u00fan caso la existencia de relaciones entre el Titular y el propietario de la p\u00e1gina web en la que se establezca, ni la aceptaci\u00f3n y aprobaci\u00f3n por parte del Titular de sus contenidos o servicios.<\/p>\n\n\n\n<h3 class=\"wp-block-heading has-accent-color has-text-color\"><strong>4. Protecci\u00f3n de datos personales<\/strong><\/h3>\n\n\n\n<p>En caso de que los Usuarios deban proporcionar al Titular ciertos datos de car\u00e1cter personal (en adelante \u00abDatos Personales\u00bb), seg\u00fan lo previsto en la Ley 15\/1999 de 13 de diciembre de Protecci\u00f3n de Datos de Car\u00e1cter Personal, la Fundaci\u00f3n Instituto de Psicolog\u00eda pone en conocimiento que los datos de car\u00e1cter personal se incorporar\u00e1n a un fichero debidamente registrado en la Agencia Espa\u00f1ola de Protecci\u00f3n de Datos, respetando en todos los casos la confidencialidad de la informaci\u00f3n facilitada; tampoco ser\u00e1n empleadas para cualquier otra finalidad que no sea atender la solicitud ni cedidas a terceros sin consentimiento previo.<\/p>\n\n\n\n<p>En cualquier caso, el usuario puede ejercer los derechos de acceso, rectificaci\u00f3n y cancelaci\u00f3n dirigi\u00e9ndose por escrito a Fundaci\u00f3n Instituto de Psicolog\u00eda, av. Rep\u00fablica Argentina, 182, bajos, Barcelona 08023; o por correo electr\u00f3nico a institut@ipsicologia.cat.<\/p>\n\n\n\n<p>Los Usuarios garantizan la veracidad, exactitud, vigencia y autenticidad de los Datos\u00a0 Personales facilitados y se comprometen a mantenerlos debidamente actualizados.<\/p>\n\n\n\n<h3 class=\"wp-block-heading has-accent-color has-text-color\"><strong>5. Inexistencia de licencia<\/strong><\/h3>\n\n\n\n<p>Todas las marcas, nombres comerciales o signos distintivos de cualquier clase que aparecen en el Portal, as\u00ed como los contenidos, son propiedad del Titular sin que pueda entenderse que el uso o acceso al Portal atribuye al Usuario ning\u00fan derecho sobre las citadas marcas, nombres comerciales y\/o signos distintivos y contenidos.<\/p>\n\n\n\n<h3 class=\"wp-block-heading has-accent-color has-text-color\"><strong>6. Uso de cookies<\/strong><\/h3>\n\n\n\n<p>El Titular podr\u00e1 utilizar cookies durante la prestaci\u00f3n del servicio de la web. Las cookies son procedimientos autom\u00e1ticos de recogida de informaci\u00f3n relativa a preferencias determinadas por un Usuario durante su visita a una determinada p\u00e1gina web. Esta informaci\u00f3n se registra en peque\u00f1os archivos que se guardan en los equipos inform\u00e1ticos del Usuario de forma imperceptible.<\/p>\n\n\n\n<p>Cada vez que el Usuario vuelve a acceder al sitio web en cuesti\u00f3n, estos archivos se activan autom\u00e1ticamente de forma que se configura el sitio web con las preferencias se\u00f1aladas en anteriores visitas.<\/p>\n\n\n\n<p>El Usuario tiene la posibilidad de configurar su programa navegador de forma que se impida la creaci\u00f3n de archivos cookies o se advierta del momento en que esto sucede.<\/p>\n\n\n\n<h3 class=\"wp-block-heading has-accent-color has-text-color\"><strong>7. Jurisdicci\u00f3n y legislaci\u00f3n aplicable<\/strong><\/h3>\n\n\n\n<p>Las Normas de Uso que se encuentran en el presente Aviso Legal se rigen por la Ley espa\u00f1ola y, en su caso, la auton\u00f3mica. Tanto el Titular como los Usuarios del Portal est\u00e1n de acuerdo en que para cualquier discrepancia que pueda surgir en cuanto a la interpretaci\u00f3n, cumplimiento y\/o ejecuci\u00f3n de las presentes normas se someter\u00e1n expresamente a la jurisdicci\u00f3n de los Jueces y Tribunales competentes de Barcelona , con renuncia expresa a cualquier otro fuero que les pueda corresponder.<\/p>\n<\/div><\/div>\n\n<div style=\"height:100px\" aria-hidden=\"true\" class=\"wp-block-spacer\"><\/div>\n","protected":false},"excerpt":{"rendered":"<p>1. Aviso legal y aceptaci\u00f3n Este Aviso Legal regula el uso del portal de Internet www.institutpsicologia.cat (en adelante, \u201cPortal\u201d) que la Fundaci\u00f3n Instituto de Psicolog\u00eda (en &#8230; <a title=\"Aviso legal\" class=\"read-more\" href=\"https:\/\/test.institutpsicologia.cat\/es\/aviso-legal\/\" aria-label=\"Leer m\u00e1s sobre Aviso legal\">Leer m\u00e1s<\/a><\/p>\n","protected":false},"author":1,"featured_media":0,"parent":0,"menu_order":0,"comment_status":"closed","ping_status":"closed","template":"","meta":{"_acf_changed":false,"_themeisle_gutenberg_block_has_review":false,"footnotes":""},"class_list":["post-5604","page","type-page","status-publish"],"acf":[],"_links":{"self":[{"href":"https:\/\/test.institutpsicologia.cat\/es\/wp-json\/wp\/v2\/pages\/5604","targetHints":{"allow":["GET"]}}],"collection":[{"href":"https:\/\/test.institutpsicologia.cat\/es\/wp-json\/wp\/v2\/pages"}],"about":[{"href":"https:\/\/test.institutpsicologia.cat\/es\/wp-json\/wp\/v2\/types\/page"}],"author":[{"embeddable":true,"href":"https:\/\/test.institutpsicologia.cat\/es\/wp-json\/wp\/v2\/users\/1"}],"replies":[{"embeddable":true,"href":"https:\/\/test.institutpsicologia.cat\/es\/wp-json\/wp\/v2\/comments?post=5604"}],"version-history":[{"count":5,"href":"https:\/\/test.institutpsicologia.cat\/es\/wp-json\/wp\/v2\/pages\/5604\/revisions"}],"predecessor-version":[{"id":31586,"href":"https:\/\/test.institutpsicologia.cat\/es\/wp-json\/wp\/v2\/pages\/5604\/revisions\/31586"}],"wp:attachment":[{"href":"https:\/\/test.institutpsicologia.cat\/es\/wp-json\/wp\/v2\/media?parent=5604"}],"curies":[{"name":"wp","href":"https:\/\/api.w.org\/{rel}","templated":true}]}}

<div class="wp-block-group"><div class="wp-block-group__inner-container is-layout-constrained wp-block-group-is-layout-constrained">
<h3 class="wp-block-heading has-accent-color has-text-color"><strong>1. Aviso legal y aceptación</strong></h3>



<p>Este Aviso Legal regula el uso del portal de Internet www.institutpsicologia.cat (en adelante, “Portal”) que la Fundación Instituto de Psicología (en adelante «Titular») pone a disposición de los usuarios de Internet .</p>



<p>La utilización del Portal atribuye la condición de usuario del Portal (en adelante “Usuario”) e implica la aceptación plena y sin reservas de todas y cada una de las disposiciones incluidas en este Aviso Legal.</p>



<p>El Titular se reserva el derecho de modificar unilateralmente, en cualquier momento y sin previo aviso, la presentación, configuración y condiciones requeridas para la utilización del Portal y los Servicios.</p>



<h3 class="wp-block-heading has-accent-color has-text-color"><strong>2. Información general</strong></h3>



<p>El Titular de esta web es la Fundación Instituto de Psicología, con domicilio social en Barcelona, av. República Argentina, 182, bajos; inscrita en el Registro de Fundaciones con el número 2425 y provista de C.I.F G-64471998.</p>



<h3 class="wp-block-heading has-accent-color has-text-color"><strong>3. Condiciones de acceso y utilización del portal</strong></h3>



<p><strong>3.1. Obligación de hacer un uso correcto del Portal y de los Servicios</strong></p>



<p>El Usuario se compromete a utilizar el Portal y los Servicios de conformidad con la ley, el presente Aviso Legal, y otros avisos, reglamentos de uso e instrucciones puestos en su conocimiento, así como con la moral y buenas costumbres generalmente aceptadas y el orden público.</p>



<p>A tal efecto, el Usuario se obliga a abstenerse de utilizar cualquiera de los Servicios con fines o efectos ilícitos, prohibidos en el presente Aviso Legal, lesivos de los derechos e intereses de terceros.</p>



<p>Todos los derechos de propiedad industrial e intelectual de la web, así como de los elementos que contiene (que incluyen, entre otros, imágenes y textos) pertenecen al Titular.</p>



<p><strong>3.2. Responsabilidad por daños y perjuicios</strong></p>



<p>El Usuario responderá de los daños y perjuicios de toda naturaleza que el Titular pueda sufrir, directa o indirectamente, como consecuencia del incumplimiento de cualquiera de las obligaciones derivadas del Aviso Legal o de la ley, en relación con la utilización del Portal y, en particular, se compromete a abstenerse de:</p>



<p>(a) reproducir, copiar, distribuir, poner a disposición o comunicar públicamente, transformar o modificar los Contenidos, salvo que se cuente con la autorización del Titular de los correspondientes derechos o resulte legalmente permitido.</p>



<p>(b) suprimir, manipular o alterar de cualquier forma el «copyright» y otros datos identificativos de la reserva de derechos del Titular.</p>



<p><strong>3.3. Introducción de hiperenlaces que permitan el acceso a las páginas del Portal ya los Servicios</strong></p>



<p>Los Usuarios y, en general, aquellas personas que se propongan establecer un hiperenlace entre su página web y el Portal deberán cumplir las siguientes condiciones:</p>



<p>(a) no se realizarán manifestaciones o indicaciones falsas, inexactas o incorrectas sobre el Titular, sus empleados, las páginas web del Portal y los Servicios suministrados;</p>



<p>(b) no se declarará ni se dará a entender que el Titular ha autorizado el hiperenlace o que ha supervisado o asumido los servicios puestos a disposición de la página web en la que se establece el hiperenlace;</p>



<p>(c) la página web en la que se establezca el hiperenlace no contendrá informaciones o contenidos ilícitos, contrarios a la moral ya las buenas costumbres generalmente aceptadas y al orden público, así como tampoco contendrá contenidos contrarios a los derechos de terceros.</p>



<p>El establecimiento del hiperenlace no implica en ningún caso la existencia de relaciones entre el Titular y el propietario de la página web en la que se establezca, ni la aceptación y aprobación por parte del Titular de sus contenidos o servicios.</p>



<h3 class="wp-block-heading has-accent-color has-text-color"><strong>4. Protección de datos personales</strong></h3>



<p>En caso de que los Usuarios deban proporcionar al Titular ciertos datos de carácter personal (en adelante «Datos Personales»), según lo previsto en la Ley 15/1999 de 13 de diciembre de Protección de Datos de Carácter Personal, la Fundación Instituto de Psicología pone en conocimiento que los datos de carácter personal se incorporarán a un fichero debidamente registrado en la Agencia Española de Protección de Datos, respetando en todos los casos la confidencialidad de la información facilitada; tampoco serán empleadas para cualquier otra finalidad que no sea atender la solicitud ni cedidas a terceros sin consentimiento previo.</p>



<p>En cualquier caso, el usuario puede ejercer los derechos de acceso, rectificación y cancelación dirigiéndose por escrito a Fundación Instituto de Psicología, av. República Argentina, 182, bajos, Barcelona 08023; o por correo electrónico a institut@ipsicologia.cat.</p>



<p>Los Usuarios garantizan la veracidad, exactitud, vigencia y autenticidad de los Datos  Personales facilitados y se comprometen a mantenerlos debidamente actualizados.</p>



<h3 class="wp-block-heading has-accent-color has-text-color"><strong>5. Inexistencia de licencia</strong></h3>



<p>Todas las marcas, nombres comerciales o signos distintivos de cualquier clase que aparecen en el Portal, así como los contenidos, son propiedad del Titular sin que pueda entenderse que el uso o acceso al Portal atribuye al Usuario ningún derecho sobre las citadas marcas, nombres comerciales y/o signos distintivos y contenidos.</p>



<h3 class="wp-block-heading has-accent-color has-text-color"><strong>6. Uso de cookies</strong></h3>



<p>El Titular podrá utilizar cookies durante la prestación del servicio de la web. Las cookies son procedimientos automáticos de recogida de información relativa a preferencias determinadas por un Usuario durante su visita a una determinada página web. Esta información se registra en pequeños archivos que se guardan en los equipos informáticos del Usuario de forma imperceptible.</p>



<p>Cada vez que el Usuario vuelve a acceder al sitio web en cuestión, estos archivos se activan automáticamente de forma que se configura el sitio web con las preferencias señaladas en anteriores visitas.</p>



<p>El Usuario tiene la posibilidad de configurar su programa navegador de forma que se impida la creación de archivos cookies o se advierta del momento en que esto sucede.</p>



<h3 class="wp-block-heading has-accent-color has-text-color"><strong>7. Jurisdicción y legislación aplicable</strong></h3>



<p>Las Normas de Uso que se encuentran en el presente Aviso Legal se rigen por la Ley española y, en su caso, la autonómica. Tanto el Titular como los Usuarios del Portal están de acuerdo en que para cualquier discrepancia que pueda surgir en cuanto a la interpretación, cumplimiento y/o ejecución de las presentes normas se someterán expresamente a la jurisdicción de los Jueces y Tribunales competentes de Barcelona , con renuncia expresa a cualquier otro fuero que les pueda corresponder.</p>
</div></div>

<div style="height:100px" aria-hidden="true" class="wp-block-spacer"></div>

<p>1. Aviso legal y aceptación Este Aviso Legal regula el uso del portal de Internet www.institutpsicologia.cat (en adelante, “Portal”) que la Fundación Instituto de Psicología (en &#8230; <a title="Aviso legal" class="read-more" href="https://test.institutpsicologia.cat/es/aviso-legal/" aria-label="Leer más sobre Aviso legal">Leer más</a></p>
