{"id":31030,"date":"2023-09-13T19:04:47","date_gmt":"2023-09-13T18:04:47","guid":{"rendered":"https:\/\/test.institutpsicologia.cat\/equipo\/maite-perez-araez"},"modified":"2023-12-21T01:14:55","modified_gmt":"2023-12-21T00:14:55","slug":"maite-perez-araez","status":"publish","type":"page","link":"https:\/\/test.institutpsicologia.cat\/es\/equipo\/maite-perez-araez\/","title":{"rendered":"Maite P\u00e9rez Ara\u00e9z"},"content":{"rendered":"\t<div class=\"grid-container\">\n\t\t<div class=\"text-imatge-full\">\n\t\t\t<div class=\"text-imatge-row row lazy\">\t\t\t\t<div class=\"text-imatge__imatge\">\n\t\t\t\t\t<img loading=\"lazy\" decoding=\"async\" width=\"1000\" height=\"848\" src=\"https:\/\/test.institutpsicologia.cat\/wp-content\/uploads\/2023\/11\/Maite-Perez-Centrada-1000x848.png\" class=\"attachment-custom-cuadrat size-custom-cuadrat\" alt=\"\" \/>\t\t\t\t<\/div>\n\t\t\t\t<div class=\"text-imatge__text\">\n\t\t\t\t\t<h2 class=\"titol_bloc\">Maite P\u00e9rez Ara\u00e9z<\/h2>\n\t\t\t\t\t<div class=\"text_bloc\">\n\t\t\t\t\t\t\t<p><strong>Psicolog\u00eda cl\u00ednica<\/strong><\/p>\n<p>Psic\u00f3loga infantojuvenil especializada en el tratamiento, seguimiento y valoraci\u00f3n de programas individuales de atenci\u00f3n psicol\u00f3gica para ni\u00f1os y j\u00f3venes; la coordinaci\u00f3n, asesoramiento y seguimiento a las familias, centros educativos y profesionales de apoyo domiciliario. Tengo el Grado en Psicolog\u00eda y el m\u00e1ster en Psicopatolog\u00eda Cl\u00ednica Infantojuvenil por la Universidad Aut\u00f3noma de Barcelona y el m\u00e1ster en Psicopedagog\u00eda por la Universidad Oberta de Catalunya.<\/p>\n\t\n\t\t\t\t\t<\/div>\n\t\t\t\t\t\t\n\t\t\t\t<\/div>\n\t\t\t<\/div>\n\t\t<\/div>\n\t<\/div>\n\n\n\n<div style=\"height:40px\" aria-hidden=\"true\" class=\"wp-block-spacer\"><\/div>\n\n\n\n<div class=\"wp-block-group\"><div class=\"wp-block-group__inner-container is-layout-constrained wp-block-group-is-layout-constrained\">\n<p>Soy especialista en trastornos del neurodesarrollo y siempre me he sentido especialmente vinculada profesionalmente a los trastornos del espectro autista (TEA) en ni\u00f1os, adolescentes y adultos. Este v\u00ednculo me ha permitido especializarme en la intervenci\u00f3n de este trastorno aplicando procedimientos espec\u00edficos (PECS, ABA, TEACCH, Denver, An\u00e1lisis de Conducta Aplicada y Schaeffer). Mi profesi\u00f3n es mi vocaci\u00f3n y disfruto mucho acompa\u00f1ando en el proceso de intervenci\u00f3n. Mi objetivo es mejorar la comprensi\u00f3n de uno mismo, buscando el m\u00e1ximo grado de autonom\u00eda y bienestar socioemocional. Tambi\u00e9n me apasiona realizar asesoramiento y seguimiento en el \u00e1mbito de inserci\u00f3n laboral y trabajo con apoyo, un \u00e1mbito con el que estoy totalmente vinculada y comprometida.<\/p>\n\n\n\n<p>Actualmente, combino mi pr\u00e1ctica cl\u00ednica en la Fundaci\u00f3n Instituto de Psicolog\u00eda con la pr\u00e1ctica educativa en centros educativos como especialista y referente de los alumnos con TEA. Anteriormente, he colaborado en diferentes entidades en el \u00e1mbito cl\u00ednico, social y psicoeducativo. Durante muchos a\u00f1os, he tenido la oportunidad de trabajar en centros ocupacionales de personas con autismo con necesidades significativas de apoyo, donde se desarrollaban procesos de trabajo prelaborales y actividades para la inserci\u00f3n sociolaboral.<\/p>\n\n\n\n<div style=\"height:40px\" aria-hidden=\"true\" class=\"wp-block-spacer\"><\/div>\n<\/div><\/div>\n\n\n\n<div class=\"wp-block-group\"><div class=\"wp-block-group__inner-container is-layout-constrained wp-block-group-is-layout-constrained\">\n<h3 class=\"wp-block-heading\"><strong>FORMACI\u00d3N Y ACREDITACIONES<\/strong><\/h3>\n\n\n\n<p>M\u00e1ster en Psicopedagog\u00eda. Universidad Oberta de Catalunya (En curso)<\/p>\n\n\n\n<p>M\u00e1ster en Psicopatolog\u00eda Cl\u00ednica Infantojuvenil. Universidad Aut\u00f3noma de Barcelona (2019)<\/p>\n\n\n\n<p>Especializaci\u00f3n en Terapia Familiar Sist\u00e9mica. Hospital de la Santa Creu i Sant Pau (2017)<\/p>\n\n\n\n<p>Licenciatura en Psicolog\u00eda. Universidad de Barcelona (2015)<\/p>\n\n\n\n<p>Diversas formaciones relacionadas con el TEA: Observaci\u00f3n y diagn\u00f3stico (ADOS-2), Entrevista para el diagn\u00f3stico (ADI-R), Adolescencia y edad adulta, Intervenciones psicosociales de aplicaci\u00f3n grupal, Habilidades sociales en entornos naturales en TEA, Fobias y ansiedad, Comunicaci\u00f3n y lenguaje, Habilidades mentalistas (ToM), Los trastornos sensoriales, Ocupaci\u00f3n y trabajo, Flexibilidad y estilos cognitivos, Tecnolog\u00eda y TEA, TEA con grandes necesidades de apoyo, Sexualidad y afectividad, Intervenci\u00f3n en habilidades pragm\u00e1ticas o Actualizaci\u00f3n en trastornos del TEA. Tambi\u00e9n me he formado en Sistemas Alternativos y Aumentativos de Comunicaci\u00f3n (SAAC) como el Sistema de Comunicaci\u00f3n por Intercambio de Im\u00e1genes (PECS) y la Transici\u00f3n de PECS a otros dispositivos de comunicaci\u00f3n.<\/p>\n\n\n\n<div style=\"height:80px\" aria-hidden=\"true\" class=\"wp-block-spacer\"><\/div>\n<\/div><\/div>\n\n\n\n<div style=\"height:100px\" aria-hidden=\"true\" class=\"wp-block-spacer\"><\/div>\n","protected":false},"excerpt":{"rendered":"<p>Soy especialista en trastornos del neurodesarrollo y siempre me he sentido especialmente vinculada profesionalmente a los trastornos del espectro autista (TEA) en ni\u00f1os, adolescentes y adultos. &#8230; <a title=\"Maite P\u00e9rez Ara\u00e9z\" class=\"read-more\" href=\"https:\/\/test.institutpsicologia.cat\/es\/equipo\/maite-perez-araez\/\" aria-label=\"Leer m\u00e1s sobre Maite P\u00e9rez Ara\u00e9z\">Leer m\u00e1s<\/a><\/p>\n","protected":false},"author":1,"featured_media":0,"parent":30991,"menu_order":10,"comment_status":"closed","ping_status":"closed","template":"","meta":{"_acf_changed":false,"_themeisle_gutenberg_block_has_review":false,"footnotes":""},"class_list":["post-31030","page","type-page","status-publish"],"acf":[],"_links":{"self":[{"href":"https:\/\/test.institutpsicologia.cat\/es\/wp-json\/wp\/v2\/pages\/31030","targetHints":{"allow":["GET"]}}],"collection":[{"href":"https:\/\/test.institutpsicologia.cat\/es\/wp-json\/wp\/v2\/pages"}],"about":[{"href":"https:\/\/test.institutpsicologia.cat\/es\/wp-json\/wp\/v2\/types\/page"}],"author":[{"embeddable":true,"href":"https:\/\/test.institutpsicologia.cat\/es\/wp-json\/wp\/v2\/users\/1"}],"replies":[{"embeddable":true,"href":"https:\/\/test.institutpsicologia.cat\/es\/wp-json\/wp\/v2\/comments?post=31030"}],"version-history":[{"count":2,"href":"https:\/\/test.institutpsicologia.cat\/es\/wp-json\/wp\/v2\/pages\/31030\/revisions"}],"predecessor-version":[{"id":31033,"href":"https:\/\/test.institutpsicologia.cat\/es\/wp-json\/wp\/v2\/pages\/31030\/revisions\/31033"}],"up":[{"embeddable":true,"href":"https:\/\/test.institutpsicologia.cat\/es\/wp-json\/wp\/v2\/pages\/30991"}],"wp:attachment":[{"href":"https:\/\/test.institutpsicologia.cat\/es\/wp-json\/wp\/v2\/media?parent=31030"}],"curies":[{"name":"wp","href":"https:\/\/api.w.org\/{rel}","templated":true}]}}

Maite Pérez Araéz

<div class="grid-container">
		<div class="text-imatge-full">
			<div class="text-imatge-row row lazy">				<div class="text-imatge__imatge">
					<img loading="lazy" decoding="async" width="1000" height="848" src="https://test.institutpsicologia.cat/wp-content/uploads/2023/11/Maite-Perez-Centrada-1000x848.png" class="attachment-custom-cuadrat size-custom-cuadrat" alt="" />				</div>
				<div class="text-imatge__text">
					<h2 class="titol_bloc">Maite Pérez Araéz</h2>
					<div class="text_bloc">
							<p><strong>Psicología clínica</strong></p>
<p>Psicóloga infantojuvenil especializada en el tratamiento, seguimiento y valoración de programas individuales de atención psicológica para niños y jóvenes; la coordinación, asesoramiento y seguimiento a las familias, centros educativos y profesionales de apoyo domiciliario. Tengo el Grado en Psicología y el máster en Psicopatología Clínica Infantojuvenil por la Universidad Autónoma de Barcelona y el máster en Psicopedagogía por la Universidad Oberta de Catalunya.</p>
	
					</div>
						
				</div>
			</div>
		</div>
	</div>



<div style="height:40px" aria-hidden="true" class="wp-block-spacer"></div>



<div class="wp-block-group"><div class="wp-block-group__inner-container is-layout-constrained wp-block-group-is-layout-constrained">
<p>Soy especialista en trastornos del neurodesarrollo y siempre me he sentido especialmente vinculada profesionalmente a los trastornos del espectro autista (TEA) en niños, adolescentes y adultos. Este vínculo me ha permitido especializarme en la intervención de este trastorno aplicando procedimientos específicos (PECS, ABA, TEACCH, Denver, Análisis de Conducta Aplicada y Schaeffer). Mi profesión es mi vocación y disfruto mucho acompañando en el proceso de intervención. Mi objetivo es mejorar la comprensión de uno mismo, buscando el máximo grado de autonomía y bienestar socioemocional. También me apasiona realizar asesoramiento y seguimiento en el ámbito de inserción laboral y trabajo con apoyo, un ámbito con el que estoy totalmente vinculada y comprometida.</p>



<p>Actualmente, combino mi práctica clínica en la Fundación Instituto de Psicología con la práctica educativa en centros educativos como especialista y referente de los alumnos con TEA. Anteriormente, he colaborado en diferentes entidades en el ámbito clínico, social y psicoeducativo. Durante muchos años, he tenido la oportunidad de trabajar en centros ocupacionales de personas con autismo con necesidades significativas de apoyo, donde se desarrollaban procesos de trabajo prelaborales y actividades para la inserción sociolaboral.</p>



<div style="height:40px" aria-hidden="true" class="wp-block-spacer"></div>
</div></div>



<div class="wp-block-group"><div class="wp-block-group__inner-container is-layout-constrained wp-block-group-is-layout-constrained">
<h3 class="wp-block-heading"><strong>FORMACIÓN Y ACREDITACIONES</strong></h3>



<p>Máster en Psicopedagogía. Universidad Oberta de Catalunya (En curso)</p>



<p>Máster en Psicopatología Clínica Infantojuvenil. Universidad Autónoma de Barcelona (2019)</p>



<p>Especialización en Terapia Familiar Sistémica. Hospital de la Santa Creu i Sant Pau (2017)</p>



<p>Licenciatura en Psicología. Universidad de Barcelona (2015)</p>



<p>Diversas formaciones relacionadas con el TEA: Observación y diagnóstico (ADOS-2), Entrevista para el diagnóstico (ADI-R), Adolescencia y edad adulta, Intervenciones psicosociales de aplicación grupal, Habilidades sociales en entornos naturales en TEA, Fobias y ansiedad, Comunicación y lenguaje, Habilidades mentalistas (ToM), Los trastornos sensoriales, Ocupación y trabajo, Flexibilidad y estilos cognitivos, Tecnología y TEA, TEA con grandes necesidades de apoyo, Sexualidad y afectividad, Intervención en habilidades pragmáticas o Actualización en trastornos del TEA. También me he formado en Sistemas Alternativos y Aumentativos de Comunicación (SAAC) como el Sistema de Comunicación por Intercambio de Imágenes (PECS) y la Transición de PECS a otros dispositivos de comunicación.</p>



<div style="height:80px" aria-hidden="true" class="wp-block-spacer"></div>
</div></div>



<div style="height:100px" aria-hidden="true" class="wp-block-spacer"></div>

<p>Soy especialista en trastornos del neurodesarrollo y siempre me he sentido especialmente vinculada profesionalmente a los trastornos del espectro autista (TEA) en niños, adolescentes y adultos. &#8230; <a title="Maite Pérez Araéz" class="read-more" href="https://test.institutpsicologia.cat/es/equipo/maite-perez-araez/" aria-label="Leer más sobre Maite Pérez Araéz">Leer más</a></p>
